{"id":53,"date":"2021-06-19T11:05:22","date_gmt":"2021-06-19T11:05:22","guid":{"rendered":"https:\/\/biograna.net\/?page_id=53"},"modified":"2024-10-05T22:09:39","modified_gmt":"2024-10-05T22:09:39","slug":"presentacio","status":"publish","type":"page","link":"https:\/\/biograna.net\/index.php\/ca\/presentacio\/","title":{"rendered":"Presentaci\u00f3"},"content":{"rendered":"\n<p class=\"has-text-align-center\"><\/p>\n\n\n\n<p id=\"tw-target-text\">Som una agrupaci\u00f3 de productores i productors de mangranes ecol\u00f2giques amb certificaci\u00f3 del Comit\u00e9 d&#8217;Agricultura Ecol\u00f2gica de la Comunitat Valenciana (CAECV) del Baix Vinalop\u00f3 i comarques ve\u00efnes que comercialitzem els nostres productes en conjunt des de fa anys.<\/p>\n\n\n\n<div class=\"wp-block-columns is-layout-flex wp-container-core-columns-layout-1 wp-block-columns-is-layout-flex\">\n<div class=\"wp-block-column is-layout-flow wp-block-column-is-layout-flow\" style=\"flex-basis:66.66%\">\n<figure class=\"wp-block-image alignwide size-large\" id=\"wp-block-themeisle-blocks-image-716cec07\"><img loading=\"lazy\" decoding=\"async\" width=\"2560\" height=\"1921\" src=\"https:\/\/biograna.net\/wp-content\/uploads\/2021\/12\/1636560986063-edited-scaled.jpg\" alt=\"\" class=\"wp-image-643\" srcset=\"https:\/\/biograna.net\/wp-content\/uploads\/2021\/12\/1636560986063-edited-scaled.jpg 2560w, https:\/\/biograna.net\/wp-content\/uploads\/2021\/12\/1636560986063-edited-300x225.jpg 300w, https:\/\/biograna.net\/wp-content\/uploads\/2021\/12\/1636560986063-edited-1024x768.jpg 1024w, https:\/\/biograna.net\/wp-content\/uploads\/2021\/12\/1636560986063-edited-768x576.jpg 768w, https:\/\/biograna.net\/wp-content\/uploads\/2021\/12\/1636560986063-edited-1536x1153.jpg 1536w, https:\/\/biograna.net\/wp-content\/uploads\/2021\/12\/1636560986063-edited-2048x1537.jpg 2048w, https:\/\/biograna.net\/wp-content\/uploads\/2021\/12\/1636560986063-edited-700x525.jpg 700w\" sizes=\"(max-width: 2560px) 100vw, 2560px\" \/><\/figure>\n<\/div>\n\n\n\n<div class=\"wp-block-column is-layout-flow wp-block-column-is-layout-flow\" style=\"flex-basis:33.33%\">\n<figure class=\"wp-block-image alignwide size-full is-style-default\"><img loading=\"lazy\" decoding=\"async\" width=\"289\" height=\"174\" src=\"https:\/\/biograna.net\/wp-content\/uploads\/2021\/06\/image.png\" alt=\"Mangrana\" class=\"wp-image-149\"\/><\/figure>\n\n\n\n<figure class=\"wp-block-image alignwide size-large is-style-rounded\" id=\"wp-block-themeisle-blocks-image-9b8213d4\"><img loading=\"lazy\" decoding=\"async\" width=\"200\" height=\"133\" src=\"https:\/\/biograna.net\/wp-content\/uploads\/2021\/06\/image-1.png\" alt=\"Mollar\" class=\"wp-image-268\"\/><\/figure>\n<\/div>\n<\/div>\n\n\n\n<p id=\"tw-target-text\">El 2020 ens vam constituir en la Societat Agr\u00e0ria de Transformaci\u00f3 BIOGRANA per millorar la producci\u00f3, transformaci\u00f3 i comercialitzaci\u00f3 de mangranes ecol\u00f2giques certificades pel CAECV.<\/p>\n\n\n\n<p id=\"tw-target-text\">Els nostres objectius s\u00f3n:<\/p>\n\n\n\n<ul>\n<li>La producci\u00f3 i comercialitzaci\u00f3 de mangranes ecol\u00f2giques.<\/li>\n\n\n\n<li>Disposar dels mitjans t\u00e8cnics adequats per a condicionar, envasar i comercialitzar.<\/li>\n\n\n\n<li>Assegurar la programaci\u00f3 de la producci\u00f3 i la seva adaptaci\u00f3 a la demanda, especialment pel que fa a la quantitat en cada moment de la campanya, sense minvar la qualitat.<\/li>\n\n\n\n<li>Fomentar la concentraci\u00f3 de l&#8217;oferta i la posada en el mercat de la producci\u00f3 de les nostres finques, oferint productes de proximitat i en bones condicions de conservaci\u00f3.<\/li>\n\n\n\n<li>Reduir els costos de producci\u00f3 i regularitzar els preus de la producci\u00f3.<\/li>\n\n\n\n<li>Fomentar pr\u00e0ctiques de cultiu i t\u00e8cniques de producci\u00f3 i gesti\u00f3 respectuoses amb el medi ambient, especialment per protegir la qualitat de les aig\u00fces, de terra i de el paisatge, per preservar i potenciar la biodiversitat.<\/li>\n<\/ul>\n\n\n\n<p>Disposem de mangrana acabada de tallar o conservada en cambres frigor\u00edfiques que podem servir des d&#8217;octubre fins a finals d&#8217;any.<\/p>\n\n\n\n<div class=\"wp-block-columns is-layout-flex wp-container-core-columns-layout-2 wp-block-columns-is-layout-flex\">\n<div class=\"wp-block-column is-layout-flow wp-block-column-is-layout-flow\"><div class=\"wp-block-image\">\n<figure class=\"aligncenter\"><img decoding=\"async\" src=\"https:\/\/biograna.net\/wp-content\/uploads\/2021\/12\/1636561640262-225x300.jpg\" alt=\"Aquesta imatge t\u00e9 l'atribut alt buit; el seu nom \u00e9s 1636561640262-225x300.jpg\"\/><\/figure><\/div><\/div>\n\n\n\n<div class=\"wp-block-column is-layout-flow wp-block-column-is-layout-flow\">\n<figure class=\"wp-block-image size-medium is-style-rounded\" id=\"wp-block-themeisle-blocks-image-41f29bcf\"><img loading=\"lazy\" decoding=\"async\" width=\"300\" height=\"225\" src=\"https:\/\/biograna.net\/wp-content\/uploads\/2021\/12\/1636561584852-300x225.jpg\" alt=\"\" class=\"wp-image-540\" srcset=\"https:\/\/biograna.net\/wp-content\/uploads\/2021\/12\/1636561584852-300x225.jpg 300w, https:\/\/biograna.net\/wp-content\/uploads\/2021\/12\/1636561584852-1024x768.jpg 1024w, https:\/\/biograna.net\/wp-content\/uploads\/2021\/12\/1636561584852-768x576.jpg 768w, https:\/\/biograna.net\/wp-content\/uploads\/2021\/12\/1636561584852-1536x1152.jpg 1536w, https:\/\/biograna.net\/wp-content\/uploads\/2021\/12\/1636561584852-2048x1536.jpg 2048w, https:\/\/biograna.net\/wp-content\/uploads\/2021\/12\/1636561584852-700x525.jpg 700w\" sizes=\"(max-width: 300px) 100vw, 300px\" \/><\/figure>\n<\/div>\n<\/div>\n\n\n\n<p>La nostra producci\u00f3 est\u00e0 localitzada al sud de la prov\u00edncia d&#8217;Alacant. La envasem i comercialitzem directament des de l&#8217;arbre de manera que els processos i temps s\u00f3n curts i el producte arriba fresc fins al consum.<\/p>\n\n\n\n<h2 class=\"wp-block-heading\">Varietat que oferim:<\/h2>\n\n\n\n<div id=\"wp-block-themeisle-blocks-advanced-columns-121e30cf\" class=\"wp-block-themeisle-blocks-advanced-columns has-1-columns has-desktop-equal-layout has-tablet-equal-layout has-mobile-collapsedRows-layout has-vertical-unset has-default-gap\"><div class=\"wp-block-themeisle-blocks-advanced-columns-overlay\"><\/div><div class=\"innerblocks-wrap\">\n<div id=\"wp-block-themeisle-blocks-advanced-column-8e6d8393\" class=\"wp-block-themeisle-blocks-advanced-column\">\n<h2 class=\"wp-block-heading\">Mollar<\/h2>\n\n\n\n<p><em>La <\/em><strong>Mangrana Mollar<\/strong><em> es cultivada tradicionalment al Camp d\u2019Elx (situat al sud del Pa\u00eds Valenci\u00e0) y est\u00e0 protegida por la <\/em><strong>Denominaci\u00f3 d&#8217;Origen (D.O.) Mangrana Mollar Elx<\/strong><em>.<\/em><\/p>\n\n\n<div class=\"wp-block-image is-style-rounded\">\n<figure class=\"aligncenter size-large\"><img loading=\"lazy\" decoding=\"async\" width=\"298\" height=\"276\" src=\"https:\/\/biograna.net\/wp-content\/uploads\/2021\/06\/Mollar.jpg\" alt=\"Mollar\" class=\"wp-image-129\"\/><\/figure><\/div>\n\n\n<p><\/p>\n\n\n\n<p><em>Els s\u00f2ls i la llum que proporcionen les hores de sol en aquestes latituds donen com a resultat unes mangranes amb molt de suc i especialment dolces, riques en minerals i vitamines.<\/em><\/p>\n\n\n\n<p><em>La forma es arrodonida (de calibres mitjans-grans) amb la corona caracter\u00edstica. El color extern \u00e9s roig-groguenc i el color interior roig clar. La pell resisteix b\u00e9 la manipulaci\u00f3.<\/em><\/p>\n\n\n\n<p><em>El gra destaca por la dol\u00e7or excepcional junt a les llavors comestibles, m\u00e9s menudes i blanes que la resta de varietats.<\/em><\/p>\n\n\n<div class=\"wp-block-image is-style-rounded\">\n<figure class=\"aligncenter size-large\"><img loading=\"lazy\" decoding=\"async\" width=\"218\" height=\"142\" src=\"https:\/\/biograna.net\/wp-content\/uploads\/2021\/06\/AriloMollar.jpg\" alt=\"Arilo Mollar\" class=\"wp-image-131\"\/><\/figure><\/div>\n\n\n<p><\/p>\n\n\n\n<p><em><strong>Es recol\u00b7lecta a l&#8217;octubre i pot conservar-se fins a 4 mesos.<\/strong><\/em><\/p>\n<\/div>\n<\/div><\/div>\n\n\n\n<p><\/p>\n\n\n\n<h2 class=\"wp-block-heading\">Formats que oferim<\/h2>\n\n\n\n<h3 class=\"wp-block-heading\">Calibres<\/h3>\n\n\n\n<ul>\n<li><strong>Calibre 8: <\/strong><em><em>Mangranes<\/em> de 500 gr. o m\u00e9s. <em>Di\u00e0metre<\/em> a partir de 11 cm.<\/em><\/li>\n\n\n\n<li><strong>Calibre 10: <\/strong><em><em>Mangranes<\/em> de 410 a 490 gr. <em>Di\u00e0metre<\/em> de 10 a 11 cm<\/em>.<\/li>\n\n\n\n<li><strong>Calibre 12: <\/strong><em>Mangranes de <em>330 a 400<\/em> gr. Di\u00e0metre de 9 a 10 cm.<\/em><\/li>\n\n\n\n<li><strong>Calibre 15: <\/strong><em>Mangranes de <em> 270 a 320<\/em> gr. Di\u00e0metre de 8 a 9 cm.<\/em><\/li>\n\n\n\n<li><strong>Calibre 18: <\/strong><em>Mangranes de <em>200 a<\/em> 260 gr. Di\u00e0metre de 7 a 8 cm.<\/em><\/li>\n<\/ul>\n\n\n\n<figure class=\"wp-block-image size-medium\" id=\"wp-block-themeisle-blocks-image-68fcf342\"><img loading=\"lazy\" decoding=\"async\" width=\"224\" height=\"300\" src=\"https:\/\/biograna.net\/wp-content\/uploads\/2021\/12\/1636561738744-224x300.jpg\" alt=\"\" class=\"wp-image-539\" srcset=\"https:\/\/biograna.net\/wp-content\/uploads\/2021\/12\/1636561738744-224x300.jpg 224w, https:\/\/biograna.net\/wp-content\/uploads\/2021\/12\/1636561738744-765x1024.jpg 765w, https:\/\/biograna.net\/wp-content\/uploads\/2021\/12\/1636561738744-768x1027.jpg 768w, https:\/\/biograna.net\/wp-content\/uploads\/2021\/12\/1636561738744-1148x1536.jpg 1148w, https:\/\/biograna.net\/wp-content\/uploads\/2021\/12\/1636561738744-700x936.jpg 700w, https:\/\/biograna.net\/wp-content\/uploads\/2021\/12\/1636561738744.jpg 1196w\" sizes=\"(max-width: 224px) 100vw, 224px\" \/><\/figure>\n\n\n\n<h3 class=\"wp-block-heading\">Env\u00e0s de cartr\u00f3 (caixa)<\/h3>\n\n\n\n<ul>\n<li><strong>Dimensions: <\/strong><em>40x30x18 \u00f3 40x30x23 cm.<\/em><\/li>\n\n\n\n<li><strong>Pes net de la caixa: <\/strong><em>5-6 Kg.<\/em><\/li>\n\n\n\n<li><em><strong>Tara de la caixa: <\/strong>400 gr.<\/em><\/li>\n<\/ul>\n\n\n\n<p>Per a altres mides de caixa <a href=\"https:\/\/biograna.net\/index.php\/ca\/contacte\">consulta&#8217;ns<\/a>.<\/p>\n\n\n\n<figure class=\"wp-block-image size-medium\" id=\"wp-block-themeisle-blocks-image-a5b79b8b\"><img loading=\"lazy\" decoding=\"async\" width=\"300\" height=\"225\" src=\"https:\/\/biograna.net\/wp-content\/uploads\/2021\/12\/1636561875799-300x225.jpg\" alt=\"\" class=\"wp-image-538\" srcset=\"https:\/\/biograna.net\/wp-content\/uploads\/2021\/12\/1636561875799-300x225.jpg 300w, https:\/\/biograna.net\/wp-content\/uploads\/2021\/12\/1636561875799.jpg 600w\" sizes=\"(max-width: 300px) 100vw, 300px\" \/><\/figure>\n\n\n\n<h3 class=\"wp-block-heading\">Palet<\/h3>\n\n\n\n<ul>\n<li><strong>Dimensions: <\/strong><em>100 x 120 x 245 cm.<\/em><\/li>\n\n\n\n<li><strong>Volum:<\/strong> <em>2,94 m<sup>3<\/sup><\/em><\/li>\n\n\n\n<li><strong>Caixes per palet: <\/strong><em>168 unitats<\/em><\/li>\n\n\n\n<li><strong>Pes net palet complet: <\/strong><em>de 900 a 1100 Kg.<\/em><\/li>\n<\/ul>\n\n\n\n<p><\/p>\n\n\n\n<h3 class=\"wp-block-heading\">Europalet<\/h3>\n\n\n\n<ul>\n<li><strong>Dimensions:<\/strong> <em>80 x 120 x 144 cm.<\/em><\/li>\n\n\n\n<li><strong>Volum:<\/strong> <em>1,38 m<sup>3<\/sup><\/em><\/li>\n\n\n\n<li><strong>Caixes per europalet:<\/strong><em>79 unitats<\/em><\/li>\n\n\n\n<li><strong>Pes net palet complet:<\/strong> <em>de 425 a 505 Kg.<\/em><\/li>\n<\/ul>\n","protected":false},"excerpt":{"rendered":"<p>Som una agrupaci\u00f3 de productores i productors de mangranes ecol\u00f2giques amb certificaci\u00f3 del Comit\u00e9 d&#8217;Agricultura Ecol\u00f2gica de la Comunitat Valenciana (CAECV) del Baix Vinalop\u00f3 i comarques ve\u00efnes que comercialitzem els nostres productes en conjunt des de fa anys. El 2020 ens vam constituir en la Societat Agr\u00e0ria de Transformaci\u00f3 BIOGRANA per millorar la producci\u00f3, transformaci\u00f3 [&hellip;]<\/p>\n","protected":false},"author":1,"featured_media":349,"parent":0,"menu_order":0,"comment_status":"closed","ping_status":"closed","template":"","meta":{"_themeisle_gutenberg_block_has_review":false,"footnotes":""},"_links":{"self":[{"href":"https:\/\/biograna.net\/index.php\/wp-json\/wp\/v2\/pages\/53"}],"collection":[{"href":"https:\/\/biograna.net\/index.php\/wp-json\/wp\/v2\/pages"}],"about":[{"href":"https:\/\/biograna.net\/index.php\/wp-json\/wp\/v2\/types\/page"}],"author":[{"embeddable":true,"href":"https:\/\/biograna.net\/index.php\/wp-json\/wp\/v2\/users\/1"}],"replies":[{"embeddable":true,"href":"https:\/\/biograna.net\/index.php\/wp-json\/wp\/v2\/comments?post=53"}],"version-history":[{"count":53,"href":"https:\/\/biograna.net\/index.php\/wp-json\/wp\/v2\/pages\/53\/revisions"}],"predecessor-version":[{"id":730,"href":"https:\/\/biograna.net\/index.php\/wp-json\/wp\/v2\/pages\/53\/revisions\/730"}],"wp:featuredmedia":[{"embeddable":true,"href":"https:\/\/biograna.net\/index.php\/wp-json\/wp\/v2\/media\/349"}],"wp:attachment":[{"href":"https:\/\/biograna.net\/index.php\/wp-json\/wp\/v2\/media?parent=53"}],"curies":[{"name":"wp","href":"https:\/\/api.w.org\/{rel}","templated":true}]}}